Let v = -128 - -129. Calculate the highest common factor of 11 and v.
1
Let p = -97 + 211. Calculate the highest common factor of p and 6.
6
Suppose 4*z - 28 = 36. Let k(x) = -3*x**3 + 3*x**2 - 2*x - 2. Let y be k(-3). What is the highest common divisor of z and y?
16
Let o be ((-24)/10)/((-8)/20). Calculate the greatest common divisor of 66 and o.
6
Let o = 24 - 0. Let c = -16 + o. What is the greatest common divisor of c and 1?
1
Let g be 13 + -3 + 0/(-2). Suppose -2*m = -2 - 6. Suppose 0 = 3*x - m*r - 26, 3*x + r + r = 32. Calculate the greatest common divisor of x and g.
10
Let x(u) = u + 2. Let r be x(10). Calculate the highest common divisor of r and 132.
12
Suppose -25 = 5*k - 0*k, 0 = 4*g - k - 509. Calculate the highest common factor of 14 and g.
14
Let m = 43 + 45. Calculate the highest common divisor of m and 22.
22
Suppose 12 = a + 3*z, a + 2*z - 5 = 4. Suppose -a*v + 70 = 2*v. What is the highest common factor of v and 70?
14
Let m(l) = -l - 11. Let g = -5 - -9. Let x(f) = -f - 11. Let v(b) = g*x(b) - 5*m(b). Let q be v(0). Calculate the highest common divisor of q and 77.
11
Let z be ((-33)/12)/((-2)/48). Calculate the greatest common factor of 6 and z.
6
Let z(w) = -19*w - 3. Let x be z(-3). What is the greatest common divisor of x and 6?
6
Let z be 1/(-5) + (-4266)/(-30). Suppose n - z = -4*w, 113 + 59 = 5*w + 4*n. What is the greatest common divisor of w and 12?
12
Suppose 0 = -4*k + 52 + 16. What is the highest common factor of k and 17?
17
Suppose 0 = 2*y + 5*s + 53, 2*s - 47 = 3*y + 4. Let d = 4 + y. Let x be ((-54)/d)/(1/5). Calculate the highest common divisor of 6 and x.
6
Suppose 5*t - 43 - 182 = 0. What is the highest common divisor of t and 45?
45
Let b(v) = -v**3 + 4*v**2 + 5*v - 5. Let w be b(4). Suppose -13 + 133 = 2*o. What is the highest common divisor of w and o?
15
Let a be 3*59 - (10 + -9). Suppose -k - 6 = k. Let q be (-2)/3*8*k. Calculate the highest common divisor of a and q.
16
Suppose 4*d = 3*r + 13 - 102, 58 = 2*r - 3*d. Calculate the greatest common divisor of 7 and r.
7
Let g(w) = 31*w**2 + 4*w + 4. Let d be g(-4). Calculate the greatest common factor of d and 44.
44
Let l(r) = 20*r. Let m be l(-1). Let w = 34 + m. Calculate the greatest common divisor of w and 35.
7
Suppose h - 2 = 16. Calculate the highest common factor of 6 and h.
6
Suppose -w + 685 = 3*k, -644 + 204 = -2*k - 4*w. Calculate the greatest common divisor of 92 and k.
46
Let y(n) = 7*n**2 + 5*n**2 - 3*n - n**2 - n**3 - 9*n + 1. Let r be y(9). Calculate the highest common factor of 5 and r.
5
Let g = 17 - 9. Let f be 1/((-3)/14)*-3. Suppose f - 2 = 3*i. Calculate the highest common divisor of g and i.
4
Let c = -19 + 39. Suppose 3*b = b + c. Calculate the highest common factor of b and 20.
10
Suppose 3 = -2*w - 3*z + 147, w - 65 = -5*z. Let p(m) = m**2 - m - 4. Let t be p(3). Let y be (-2)/(-4) + 59/t. Calculate the highest common factor of y and w.
15
Suppose 3*g = -2*g + 20. Suppose 0 = -g*r, 0*r = -2*c - 3*r + 4. Suppose -n - 59 = w - c*w, -5*w + 286 = -2*n. Calculate the greatest common divisor of 7 and w.
7
Let a be ((-4)/(-6))/(2/6). Let i be a - 33/2*-2. Suppose m + 107 = 4*w - 68, 0 = w - 2*m - i. What is the highest common divisor of w and 9?
9
Let u = -22 - -14. Let r(n) = n - 22. Let w be r(0). Let f = u - w. What is the greatest common factor of 7 and f?
7
Let o be 32 + -1 - (0 - 2). Suppose 0 = 4*g - 5*g - 3*k + o, 0 = 4*g + 2*k - 112. Suppose 3 = -4*w + g. Calculate the greatest common divisor of w and 12.
6
Suppose 0 = -5*f + f + 2*x + 256, -5*f - x + 313 = 0. Calculate the greatest common factor of 21 and f.
21
Suppose -10 = -3*v + 50. What is the greatest common factor of v and 20?
20
Let v be 1 - (0 - 1) - -145. What is the highest common factor of v and 21?
21
Suppose -3*c = 9 - 51. Calculate the greatest common factor of 21 and c.
7
Let m(p) = -p**2 - 3*p + 3. Let z be m(-4). Let q be z*99/(1 + 2). Let d = -21 - q. What is the highest common divisor of d and 6?
6
Let k be -45*(2 - (-7)/(-3)). Calculate the highest common factor of k and 6.
3
Let c(y) = y**2 - 7*y - 11. Let d be c(8). Let t = 53 + d. What is the highest common divisor of 10 and t?
10
Let o = 124 + -67. What is the highest common factor of o and 38?
19
Suppose 14 + 10 = 4*u. Suppose -2 = -g - u. Let k = g - -15. Calculate the greatest common divisor of 44 and k.
11
Suppose 11*t - 2268 = -t. Calculate the greatest common factor of 21 and t.
21
Suppose 4*x = -2*u + 6*x + 70, 0 = -3*u - 3*x + 81. What is the greatest common divisor of u and 62?
31
Suppose -84 = -3*p - 3*p. What is the highest common divisor of 98 and p?
14
Suppose -9*m + 126 = -6*m. What is the greatest common factor of m and 28?
14
Suppose n + 2*n = 375. What is the highest common factor of 25 and n?
25
Let z = -292 - -121. Let j = z - -255. Suppose -s + 9 = -3. What is the highest common divisor of j and s?
12
Suppose q = -5*z - 271 + 62, 0 = -2*q - 8. Let h be (-2)/3 - z/3. Let s = 95 - -48. What is the greatest common divisor of s and h?
13
Let h = 49 + -13. Calculate the highest common factor of 24 and h.
12
Let r = -5 - -10. Suppose 0 = -3*a - 5*d - 17, 4*d - d = r*a + 17. Let k(s) = 4*s**2 + 7*s + 6. Let z be k(a). Calculate the highest common factor of 28 and z.
14
Let l = 13 + -1. Let z be 8/l - (-22)/3. Let p(g) = g**3 + 10*g**2 + 8*g. Let s be p(-8). Calculate the greatest common factor of z and s.
8
Let i(l) = 2*l + 3. Let w be i(6). Let d be 58/5 - 9/w. Calculate the highest common divisor of 11 and d.
11
Let l(q) = -15*q**2 + 0*q - 8*q**3 + 7*q**3 - 13 + 8*q. Let u be l(-16). What is the greatest common divisor of 46 and u?
23
Let f(d) = -2*d**3 - 11*d**2 - 3*d - 14. Let v be f(-6). Calculate the greatest common factor of 100 and v.
20
Suppose -5*p = -3*m - 27, -2*p + 3*m + 9 = -9. Suppose -k + 118 = 4*n, 30 + 24 = 2*n + p*k. Calculate the highest common divisor of 75 and n.
15
Let b(t) = t**3 + 10*t**2 + 8*t - 6. Let x be b(-9). Suppose -x*n = n - 24. What is the greatest common factor of n and 2?
2
Let h be (-24)/(-10)*(-40)/(-6). Calculate the highest common divisor of h and 176.
16
Suppose -10 = -p - 0*p. Calculate the greatest common divisor of 40 and p.
10
Let u = -198 - -203. Let h(g) = -g**3 - g**2 + 5*g + 3. Let f be h(-3). Let t(b) = 9*b + 1. Let v be t(f). Calculate the highest common factor of u and v.
5
Suppose 0 = 4*s + f - 338, 178 = 2*s - 2*f + 14. Suppose s = 5*y - y. What is the highest common factor of y and 63?
21
Suppose 5*g = 10*g - 15. Suppose -3*m + 3 + g = 0. Calculate the greatest common factor of 5 and m.
1
Suppose -z = -3*b - 12, 0*b - 2*b = -4*z + 98. Suppose 0*h - 81 = -3*h + 3*m, 0 = 3*m. Calculate the greatest common divisor of z and h.
27
Let b = -5 - -13. What is the highest common factor of 12 and b?
4
Let b(k) = 36*k + 1. Let m be b(4). Calculate the highest common divisor of m and 58.
29
Let u(d) = d**3 - 2*d + 30. Let l be u(0). Calculate the greatest common factor of 240 and l.
30
Suppose -2*r - 58 = -4*o + 324, 5*r = 5. Calculate the greatest common divisor of o and 64.
32
Suppose -s + 144 = -4*s. Let o = -34 - s. Let y be 6/15 - 66/(-10). Calculate the highest common divisor of y and o.
7
Suppose -4*a + 60 - 24 = 0. Suppose 142 - 7 = 3*t. What is the highest common factor of a and t?
9
Let y = 44 + 3. What is the highest common factor of 376 and y?
47
Suppose -5*m = -134 - 586. What is the greatest common factor of 16 and m?
16
Let w = -55 + 86. What is the highest common factor of 341 and w?
31
Suppose 10*z = 14*z - 56. Calculate the greatest common divisor of z and 35.
7
Let g = 13 + -6. Suppose r + g = 21. Calculate the highest common divisor of r and 14.
14
Let o be (1 + 28*-10)*(6 - 7). Calculate the highest common divisor of 31 and o.
31
Suppose -3*k - 9 = -87. Let c be (-6)/39 + 8870/k. What is the highest common divisor of c and 31?
31
Suppose p + 3*p = 8. Suppose -p*v + 0*v = 2. Let j(f) = -4*f**3 - f**2 + 1. Let c be j(v). Calculate the greatest common divisor of 4 and c.
4
Let p = 27 + -13. Suppose -6*w + 18 = -3*w. Suppose 0 = -g + w*u - 2*u + 134, 0 = 4*g + 2*u - 500. What is the greatest common factor of g and p?
14
Suppose 3*u + 20 = 4*u. Let f be 675/u + 2/8. What is the highest common factor of 17 and f?
17
Let s 